35.
7
Calculate the remainder when 74098 is divided by 38.
36
Calculate the remainder when 782 is divided by 160.
142
What is the remainder when 2829 is divided by 48?
45
What is the remainder when 455 is divided by 24?
23
Calculate the remainder when 279 is divided by 39.
6
Calculate the remainder when 1837 is divided by 168.
157
What is the remainder when 1733 is divided by 196?
165
What is the remainder when 1015 is divided by 51?
46
Calculate the remainder when 778 is divided by 778.
0
Calculate the remainder when 5393 is divided by 174.
173
Calculate the remainder when 71 is divided by 15.
11
Calculate the remainder when 460 is divided by 33.
31
What is the remainder when 709 is divided by 40?
29
Calculate the remainder when 657 is divided by 48.
33
Calculate the remainder when 650 is divided by 59.
1
Calculate the remainder when 414 is divided by 67.
12
Calculate the remainder when 140 is divided by 16.
12
Calculate the remainder when 176 is divided by 15.
11
Calculate the remainder when 1016 is divided by 230.
96
Calculate the remainder when 205 is divided by 15.
10
What is the remainder when 1055 is divided by 12?
11
What is the remainder when 653 is divided by 59?
4
Calculate the remainder when 524 is divided by 31.
28
What is the remainder when 15747 is divided by 15?
12
What is the remainder when 353 is divided by 343?
10
Calculate the remainder when 557 is divided by 56.
53
What is the remainder when 384 is divided by 97?
93
Calculate the remainder when 367 is divided by 171.
25
What is the remainder when 317 is divided by 16?
13
Calculate the remainder when 93 is divided by 12.
9
Calculate the remainder when 291 is divided by 27.
21
What is the remainder when 3438 is divided by 40?
38
Calculate the remainder when 307 is divided by 33.
10
What is the remainder when 22 is divided by 13?
9
Calculate the remainder when 1273 is divided by 13.
12
What is the remainder when 102 is divided by 14?
4
Calculate the remainder when 1690 is divided by 186.
16
What is the remainder when 22834 is divided by 5?
4
Calculate the remainder when 132 is divided by 35.
27
Calculate the remainder when 948 is divided by 10.
8
What is the remainder when 167 is divided by 12?
11
Calculate the remainder when 859 is divided by 34.
9
What is the remainder when 68 is divided by 23?
22
Calculate the remainder when 128 is divided by 40.
8
What is the remainder when 1829 is divided by 606?
11
What is the remainder when 846 is divided by 77?
76
Calculate the remainder when 121 is divided by 46.
29
What is the remainder when 502 is divided by 84?
82
Calculate the remainder when 46 is divided by 24.
22
What is the remainder when 543 is divided by 178?
9
Calculate the remainder when 1581 is divided by 48.
45
What is the remainder when 419 is divided by 84?
83
Calculate the remainder when 110 is divided by 43.
24
What is the remainder when 322 is divided by 39?
10
What is the remainder when 1282 is divided by 20?
2
Calculate the remainder when 268 is divided by 70.
58
What is the remainder when 41 is divided by 22?
19
What is the remainder when 255 is divided by 87?
81
Calculate the remainder when 44 is divided by 25.
19
What is the remainder when 1528 is divided by 51?
49
What is the remainder when 6525 is divided by 311?
305
Calculate the remainder when 232 is divided by 26.
24
Calculate the remainder when 1221 is divided by 34.
31
What is the remainder when 161 is divided by 50?
11
Calculate the remainder when 568 is divided by 115.
108
Calculate the remainder when 53 is divided by 10.
3
What is the remainder when 124 is divided by 25?
24
Calculate the remainder when 245 is divided by 27.
2
Calculate the remainder when 1113 is divided by 364.
21
Calculate the remainder when 312 is divided by 137.
38
What is the remainder when 38 is divided by 30?
8
What is the remainder when 19849 is divided by 18?
13
Calculate the remainder when 118 is divided by 40.
38
Calculate the remainder when 1629 is divided by 12.
9
Calculate the remainder when 1597 is divided by 187.
101
Calculate the remainder when 13444 is divided by 166.
164
What is the remainder when 343 is divided by 93?
64
Calculate the remainder when 62 is divided by 19.
5
What is the remainder when 102 is divided by 21?
18
What is the remainder when 231 is divided by 105?
21
What is the remainder when 13247 is divided by 64?
63
What is the remainder when 95 is divided by 5?
0
What is the remainder when 43 is divided by 12?
7
What is the remainder when 915 is divided by 186?
171
What is the remainder when 822 is divided by 43?
5
What is the remainder when 247 is divided by 33?
16
Calculate the remainder when 13916 is divided by 120.
116
Calculate the remainder when 6969 is divided by 109.
102
Calculate the remainder when 2050 is divided by 1018.
14
Calculate the remainder when 258 is divided by 36.
6
Calculate the remainder when 271 is divided by 55.
51
Calculate the remainder when 487 is divided by 216.
55
Calculate the remainder when 186 is divided by 43.
14
Calculate the remainder when 952 is divided by 80.
72
Calculate the remainder when 77757 is divided by 36.
33
Calculate the remainder when 40 is divided by 15.
10
What is the remainder when 155 is divided by 60?
35
Calculate the remainder when 1169 is divided by 117.
116
What is the remainder when 1979 is divided by 66?
65
Calculate the remainder when 6432 is divided by 33.
30
What is the remainder when 2214 is divided by 20?
14
What is the remainder when 506 is divided by 66?
44
What is the remainder when 772 is divided by 129?
127
What is the remainder when 329 is divided by 99?
32
Calculate the remainder when 637 is divided by 171.
124
What is the remainder when 349 is divided by 20?
9
Calculate the remainder when 3194 is divided by 23.
20
Calculate the remainder when 5349 is divided by 85.
79
Calculate the remainder when 1020 is divided by 87.
63
Calculate the remainder when 860 is divided by 48.
44
What is the remainder when 14650 is divided by 4?
2
Calculate the remainder when 761 is divided by 374.
13
What is the remainder when 166 is divided by 56?
54
What is the remainder when 1416 is divided by 129?
126
Calculate the remainder when 5 is divided by 1.
0
What is the remainder when 147 is divided by 10?
7
Calculate the remainder when 260 is divided by 43.
2
What is the remainder when 1749 is divided by 103?
101
Calculate the remainder when 69 is divided by 9.
6
Calculate the remainder when 614 is divided by 30.
14
What is the remainder when 67 is divided by 31?
5
What is the remainder when 1054 is divided by 24?
22
What is the remainder when 279 is divided by 20?
19
Calculate the remainder when 1615 is divided by 400.
15
Calculate the remainder when 262 is divided by 93.
76
What is the remainder when 417 is divided by 5?
2
What is the remainder when 38758 is divided by 85?
83
What is the remainder when 266 is divided by 39?
32
What is the remainder when 423 is divided by 10?
3
What is the remainder when 1100 is divided by 25?
0
What is the remainder when 136 is divided by 25?
11
Calculate the remainder when 820 is divided by 58.
8
What is the remainder when 2820 is divided by 315?
300
What is the remainder when 17359 is divided by 70?
69
What is the remainder when 1303 is divided by 262?
255
Calculate the remainder when 532 is divided by 157.
61
Calculate the remainder when 982 is divided by 327.
1
What is the remainder when 1244 is divided by 9?
2
What is the remainder when 1598 is divided by 100?
98
What is the remainder when 36974 is divided by 359?
356
Calculate the remainder when 131 is divided by 22.
21
Calculate the remainder when 4791 is divided by 218.
213
What is the remainder when 275 is divided by 3?
2
Calculate the remainder when 23 is divided by 7.
2
What is the remainder when 25134 is divided by 171?
168
Calculate the remainder when 489 is divided by 125.
114
Calculate the remainder when 1069 is divided by 10.
9
What is the remainder when 275 is divided by 57?
47
What is the remainder when 64 is divided by 6?
4
Calculate the remainder when 1083 is divided by 122.
107
Calculate the remainder when 20 is divided by 8.
4
What is the remainder when 9580 is divided by 22?
10
What is the remainder when 1666 is divided by 9?
1
Calculate the r